c(6). What is the tens digit of y - (3 + -7 - -3)?
1
Let b(t) = t**3 - 2*t**2 + 13*t - 21. What is the tens digit of b(14)?
1
Let v(m) = 4*m - 4. Let k(j) = -2*j - 8. Let o be k(-7). What is the tens digit of v(o)?
2
Suppose -9 = -s - 7. Suppose 0 = q - 2 - s. Suppose 0*x + 56 = q*x. What is the tens digit of x?
1
Let z(y) = -6*y**2 + y**3 - 21 - 4*y**2 + 3*y - y**2 + 5. What is the tens digit of z(11)?
1
Let z be 18/(-81) + (-56)/(-9). Suppose l - z = -0*n - 3*n, -2*l = n - 22. Let a = 3 + l. What is the tens digit of a?
1
Suppose 0 = -3*j - 3*t + 15, 2*j + 0*t - 2 = -4*t. Let o = j - 18. What is the tens digit of (-16)/6*(o + 3)?
1
Let n(j) be the first derivative of -5*j**2/2 + j + 4. What is the tens digit of n(-7)?
3
Let p(a) = -2*a**3 + 4*a**2 + a - 1. Let i be p(-1). What is the hundreds digit of ((-1)/(-2))/(991/(-248) + i)?
1
Suppose 141 = -2*b + 365. What is the units digit of b?
2
Suppose 3*d - 12358 = -w, -83*w - 20606 = -5*d - 80*w. What is the hundreds digit of d?
1
Let l(v) = 13*v - 1. Let q(o) be the first derivative of -o**4/4 + 2*o**3/3 - o**2 + 6*o + 13. Let n be q(2). What is the tens digit of l(n)?
2
Suppose 0 = -130*a + 138*a - 4896. What is the units digit of a?
2
Let v(q) = 7*q**3 - q**2 - 6*q + 3. Let w be v(2). Suppose -m = -2*m + w. What is the units digit of m?
3
Let u(c) = -c**3 - 32*c**2 - 60*c + 20. Let l(o) = -o**3 + 3*o**2 + 13*o. Let y be l(6). What is the units digit of u(y)?
0
Suppose -3*l - 4*t + 0*t - 42 = 0, -5*l + 5*t = 70. Let o(a) be the second derivative of a**4/12 + 13*a**3/6 + 9*a**2/2 + 2*a. What is the units digit of o(l)?
3
Suppose -16 = -5*q - 4*j, 13 + 10 = 5*q - 3*j. Suppose 9 = q*p - 3. What is the units digit of (-12)/(-36) - (-26)/p?
9
Suppose -5*g - 5*z = -20560, 3*g + 13*z - 9*z - 12340 = 0. What is the tens digit of g?
0
Let u = 10479 - 5837. What is the tens digit of u?
4
Let d(y) = -y**3 - 38*y**2 - 6*y - 24. What is the tens digit of d(-38)?
0
Suppose 4*h - s - 1677 = 0, 540 = 3*h - 2*s - 714. What is the units digit of h?
0
What is the units digit of (-6)/(-33) - -1*(-28242)/(-33)?
6
Let g(l) = -5*l + 80. What is the hundreds digit of g(-12)?
1
Suppose 3*d + 1 = 31. Suppose -3*k - d = -4*k. Let o = 29 - k. What is the units digit of o?
9
Let w = -15 + 20. Suppose 0 = -2*c + 5 + w. What is the units digit of c?
5
Let n(v) = v**2 + 5*v + 6. Let u be n(-4). Let f be 1 + -5 + u - 0. What is the units digit of f/(20/(-95))*6?
7
What is the hundreds digit of (-23)/(23/(-5226)) + (-2 - -4)?
2
Let s be (3/(-2))/(-1)*(-1 + 3). Suppose 0*p = -s*p + 192. What is the tens digit of p?
6
Let b = 36 - 26. Let v = b - 18. Let o = v + 21. What is the tens digit of o?
1
Let w be (11/4 + -2)*-4. Let z(p) = -4*p**3 + 4*p**2 + 2*p - 6. What is the hundreds digit of z(w)?
1
Suppose 0 = y - 10 - 47. What is the units digit of -8 + y - (0 + 1)?
8
Suppose 12*t + 2 = 13*t. Suppose 2*n - 576 = -2*n - t*v, 0 = 3*n + 2*v - 434. What is the hundreds digit of n?
1
Let f(o) be the second derivative of -o**4/12 - 4*o**3/3 + o**2/2 - 5*o. What is the units digit of f(-4)?
7
Let q(o) = o**2 - 9*o - 16. Let p be q(12). Suppose p = 5*k - 25. Suppose k = -a + 53. What is the tens digit of a?
4
Let n(y) = 4*y**2 - 2*y + 4. Let g be -6*8/(-12) + -2. Let v be n(g). What is the tens digit of (21/(-12))/((-2)/v)?
1
Let d = -808 - -1941. What is the units digit of d?
3
Let w be -27*((-14)/(-6))/(-7). Let j = w + 7. What is the units digit of j?
6
Let p = 2116 + -1404. What is the units digit of p?
2
Suppose -17*i + 54747 + 16415 = 0. What is the hundreds digit of i?
1
Let g = 211 + -162. What is the units digit of g?
9
What is the units digit of ((-28)/8)/7*-5228?
4
Let w(b) = 1 + 3 + 1 - b. Let f be w(-6). What is the tens digit of (f - 10)/((-1)/(-15))?
1
Let p be 22/12 + (-4)/(-24). Suppose 4*u - p*w - 70 = 0, w = 4*u + u - 80. What is the units digit of u?
5
Let m(d) be the third derivative of 0 - 13/6*d**3 + 1/120*d**6 - 4*d**2 + 0*d**4 - 1/12*d**5 + 0*d. What is the tens digit of m(6)?
2
Suppose -7*d = -2*d - 25. Suppose -2*w + 0*w + 32 = 0. Let q = w - d. What is the units digit of q?
1
Suppose -19 - 87 = -2*n. Suppose -d = -3*l + n, -6*d - 15 = -3*d. Suppose l*b = 11*b + 80. What is the tens digit of b?
1
Suppose -13*u - 1772 = -14*u + 3*d, 3*u - 5356 = d. What is the tens digit of u?
8
Let v = 438 + 140. What is the tens digit of v?
7
What is the tens digit of (-22380)/(-18) + 26/39?
4
Let q = 226 - 113. Suppose 2*u - p - 230 = -5*p, -u = p - q. What is the hundreds digit of u?
1
Let n = 52 - 106. Let r = -25 - n. What is the units digit of r?
9
Let w(h) = 4*h - 28. Let p be w(8). Suppose -828 = -s - 2*s. Suppose -2*o + s = p*o. What is the tens digit of o?
4
Let p(c) = 38*c**2 + 4*c - 103. What is the hundreds digit of p(6)?
2
Let j = 3 - -1. Suppose 0 = -j*r - 79 + 7. Let w = r - -30. What is the tens digit of w?
1
Suppose 0 = -508*f + 523*f - 90. Let n(u) be the third derivative of u**4/3 + 5*u**3/3 - u**2. What is the units digit of n(f)?
8
Let t = 434 - 193. Suppose -z - 5*n = -5*z + t, -z = -n - 59. What is the tens digit of z?
5
Let z = 29 + -26. Let h be (4 - 2)/(z/6). Suppose -5*w + 61 = 2*o - h*w, 0 = -3*o + 3*w + 96. What is the units digit of o?
1
Suppose 5*o - 4 + 57 = 4*t, t + 3 = -2*o. Suppose 5*s = 6*s - t. What is the units digit of s?
7
Let j(c) be the first derivative of -c**4/4 - 4*c**3/3 + 3*c**2/2 + 2*c - 5. Let o = 26 + -31. What is the tens digit of j(o)?
1
Let y = 2 - -1. Let m(s) = 4*s**3 - 2*s**2 - s - 2. What is the units digit of m(y)?
5
What is the hundreds digit of ((-13919)/(-62))/(1 - 15/18)?
3
Let d(h) = -h**2 + 5*h - 8. Let r be d(7). Let j be (2/(-5))/(r/55). What is the units digit of (j/(4/48))/2?
6
Let y(o) = 35*o - 49. What is the tens digit of y(24)?
9
Let l be 34 - 5 - (0 + -4). Let a = 16 + l. Let d = a - 16. What is the tens digit of d?
3
Suppose 4*v - 1805 = z + 904, -3*v - z + 2030 = 0. What is the hundreds digit of v?
6
Let v(s) = -s**2 - 18*s + 10. Suppose 1 - 14 = r. What is the tens digit of v(r)?
7
Let r(a) = 4*a**3 - 2*a**2 - 13*a - 9. What is the units digit of r(4)?
3
Suppose -5*d + 35 = -0*d. Suppose 312 - 11 = d*t. What is the units digit of t?
3
Let v(b) = 77*b**2 + 5*b - 6. What is the hundreds digit of v(2)?
3
Suppose -q - 2160 = -9*q. What is the hundreds digit of q?
2
Suppose -615*u = -626*u + 44572. What is the units digit of u?
2
Suppose 5*s = 4*d + 311, -3*d + 173 = 3*s - 2*d. What is the tens digit of s?
5
Suppose w + 7*y + 30 = 2*y, 5*y + 10 = 3*w. Let q = w + 5. Suppose v + 4*v - 105 = q. What is the units digit of v?
1
Let v be (-12)/(-66) - 86/(-11). Suppose -3*o + v = -i + 2, -5*o = 0. What is the units digit of (-7)/(21/i) + 41?
3
Let u = -50 - -74. Let i = -164 - -238. Let q = i - u. What is the tens digit of q?
5
Let q(v) = -v + 26. Let b be q(23). Suppose 4*p - 4*t = 292, -5*t + 166 = 2*p - b*t. What is the tens digit of p?
7
Let m(q) be the second derivative of -19*q**5/20 - q**3/6 - q**2/2 - q. Let k be m(-1). Let n = -9 + k. What is the units digit of n?
0
Suppose -4*h + 2402 = 294. Let n = -349 + h. What is the units digit of n?
8
Suppose -3*h + 1 = 2*z + 6, -5*z + 3*h + 19 = 0. Suppose 103 = -3*n - 56. What is the units digit of 2*n/(-4)*z?
3
Suppose 3*b = 5*x - 59, -68 = 4*b - 0*x + 4*x. Let z be 4/(-5) - b/10. Let o = z + 16. What is the units digit of o?
7
Suppose s - 4*r = -2 - 9, -4*s - 58 = -2*r. Let t = 22 + s. Suppose 13 = 4*g - t. What is the units digit of g?
5
Let x(i) = 13 + 0 - 6*i - i**3 + 8*i**2 - 9 + 2*i. Let f be x(8). What is the units digit of 4/(-14) + (-932)/f?
3
Let k(c) be the third derivative of c**5/15 + c**4/12 + c**3/6 - c**2. Suppose -28*p + 11*p = 68. What is the units digit of k(p)?
7
Let l(n) = -12*n**3 + 4*n**2 + 2*n + 5. What is the hundreds digit of l(-3)?
3
Let o = -4 + 5. Let v be (-4 + (4 - o))*-46. Suppose 2*b - 2*c = -4*c + 20, -5*b + v = c. What is the units digit of b?
9
What is the tens digit of (-5 - 19)*(-1 - 17)?
3
Suppose -k = -3*k + 14. Suppose 4*r = 5*p + 64, k*r = 4*r - 4*p + 17. Let s = r + 0. What is the tens digit of s?
1
What is the hundreds digit of -4 - -2 - -4224 - -1?
2
Suppose -3*j + 7*j - 20 = 0. What is the units digit of (26/3)/(j/45*2)?
9
Suppose -40*x + 138960 = 40*x. What 